01011000
In base 16, what is -b4a + 124?
-a26
In base 7, what is 2 + 10305506?
10305511
In base 14, what is -1a8843 - b3?
-1a8916
In base 13, what is 75560 - 4?
75559
In base 11, what is 2658878 + -25?
2658853
In base 3, what is -210 + -2220200120?
-2220201100
In base 3, what is -211010101100121 + -2?
-211010101100200
In base 4, what is 3301233031203 - 1?
3301233031202
In base 14, what is 776adb4 - 8?
776adaa
In base 11, what is -3 - -2678063?
2678060
In base 9, what is 1284 - 124555?
-123261
In base 7, what is -234 - 2512624?
-2513161
In base 10, what is -7792 + 3364?
-4428
In base 16, what is 8a - e149?
-e0bf
In base 2, what is 11100001101001 - -1000000100?
11101001101101
In base 13, what is -1a0 - 185ca?
-1879a
In base 11, what is 17544 - 377?
17178
In base 3, what is -11222 - 2100102002101?
-2100102021100
In base 2, what is 1011101100000 + 111001111110000?
1000101101010000
In base 9, what is -643 + -545726?
-546470
In base 13, what is 42392887 - -4?
4239288b
In base 11, what is 1782 + 5090?
6862
In base 2, what is 10011110 + 110011000100111?
110011011000101
In base 12, what is -10b00b + -30?
-10b03b
In base 4, what is 0 - -30200220221?
30200220221
In base 15, what is 4 - -ca713?
ca717
In base 8, what is -117 - -1444101?
1443762
In base 3, what is -211 - 10020220222211?
-10020221000122
In base 14, what is 3 + 4791b8?
4791bb
In base 6, what is -214020 + -4341?
-222401
In base 12, what is 9b + 6a87b?
6a95a
In base 2, what is -1010100000101111 + -101000110000?
-1011001001011111
In base 10, what is 2907899 + -3?
2907896
In base 6, what is 32 - 4241504?
-4241432
In base 12, what is 788a - 3060?
482a
In base 8, what is -13 - -115503025?
115503012
In base 7, what is 23150 + 35355?
61535
In base 13, what is 4038919 - 15?
4038904
In base 11, what is -26 + -9755?
-9780
In base 5, what is 21444033303 + -10?
21444033243
In base 13, what is b724 + 24?
b748
In base 4, what is -122111312313 + -12?
-122111312331
In base 14, what is -30b64d16 - -4?
-30b64d12
In base 15, what is -578 + -1128?
-16a1
In base 12, what is 56 + -56464?
-5640a
In base 15, what is 9cd04 + -a?
9cce9
In base 3, what is -222112200211 - -101?
-222112200110
In base 15, what is 14ea + -acd?
91c
In base 6, what is 35231 + -54311?
-15040
In base 6, what is 424502 - -2310?
431212
In base 3, what is 1 + -12220122100010110?
-12220122100010102
In base 6, what is 24 + -4231415?
-4231351
In base 10, what is 5283197 - 94?
5283103
In base 3, what is 121010020102100 + 10?
121010020102110
In base 13, what is -30a9930 - 6?
-30a9936
In base 14, what is -1a65adb9 + -1?
-1a65adba
In base 11, what is -80a + 25730?
24a21
In base 16, what is 1 - -33401?
33402
In base 3, what is -21012001 - -2011002012?
1212220011
In base 13, what is -bc + -195a7?
-19696
In base 12, what is 4a8070b + -1?
4a8070a
In base 4, what is 3 + 31030233210?
31030233213
In base 5, what is 134133423220 + -1?
134133423214
In base 2, what is -1 + -11010001110010111111001?
-11010001110010111111010
In base 13, what is 470875 + 31?
4708a6
In base 12, what is -155 - -2754a?
273b5
In base 14, what is 776ab95 + 3?
776ab98
In base 4, what is 13130210032 + 320?
13130211012
In base 6, what is 15305325 - 1145?
15304140
In base 6, what is 34225 - -1243202?
1321431
In base 14, what is -1b7 - -2789a?
276c3
In base 12, what is 8 + -458240?
-458234
In base 15, what is 63e6 - 198?
624d
In base 8, what is -6760250 + -254?
-6760524
In base 9, what is -484165144 - 5?
-484165150
In base 14, what is -5 + 5332182?
533217b
In base 2, what is 11011110011000101 + -101000?
11011110010011101
In base 3, what is 2210210201 - -10001011?
2220211212
In base 2, what is -110111010000001100011000 + 0?
-110111010000001100011000
In base 14, what is -782 + 2345?
19a3
In base 12, what is -149b505 - 0?
-149b505
In base 10, what is -51 + -10568227?
-10568278
In base 13, what is -76c4b77 - -1?
-76c4b76
In base 7, what is 23 + -1213421?
-1213365
In base 11, what is 58 + 4845119?
4845176
In base 15, what is -757e21a + 5?
-757e215
In base 5, what is -2110022311 + 232?
-2110022024
In base 2, what is 11100011100110111000000 + -1?
11100011100110110111111
In base 7, what is 23116416155 + 3?
23116416161
In base 15, what is -1 + 5ed2a6?
5ed2a5
In base 7, what is 4 + -203630111?
-203630104
In base 7, what is -652 + 113255?
112303
In base 3, what is -10 + -112100111111120002?
-112100111111120012
In base 3, what is -2201120 - 21100201102?
-21110102222
In base 11, what is -17085 + -98?
-17172
In base 11, what is -3679 - 1194?
-4862
In base 7, what is 105256 + 116614?
225203
In base 7, what is 22121 + 5414?
30535
In base 4, what is 3110221102 + 323?
3110222031
In base 6, what is 2214 + -1500031?
-1453413
In base 11, what is 6920 + 2621?
9441
In base 9, what is -33465104 - 13?
-33465117
In base 11, what is -2370000 + 4?
-236aaa7
In base 2, what is 11 - -10111110010000001000010?
10111110010000001000101
In base 4, what is -1111200011231 + -112?
-1111200012003
In base 14, what is -5db5c493 + 3?
-5db5c490
In base 2, what is -101 + 1000001100110010110000000100?
1000001100110010101111111111
In base 10, what is 15 - 1804891?
-1804876
In base 3, what is 2 - -201120101110200?
201120101110202
In base 12, what is 17 - -32911?
32928
In base 7, what is -131520 - 23334?
-155154
In base 9, what is -8476352 + 1?
-8476351
In base 7, what is 4 - 516536302?
-516536265
In base 15, what is -5 + -134a81a0?
-134a81a5
In base 8, what is 362062 + 123?
362205
In base 12, what is 188b2 + -75a3?
1130b
In base 12, what is 5481b6 - 1b?
548197
In base 16, what is -4 + -1a19f69?
-1a19f6d
In base 7, what is -6 + 63143125?
63143116
In base 11, what is 3 - -369578?
369580
In base 13, what is 3308 + -13b8?
1c20
In base 16, what is -2b + 1d102?
1d0d7
In base 12, what is 81141 + 132?
81273
In base 5, what is -142121210 + 21?
-142121134
In base 4, what is -103 + 2233332303302?
2233332303133
In base 14, what is 6969 - -237?
6ba2
In base 7, what is -46521413 - 3?
-46521416
In base 6, what is -2121014 - 124?
-2121142
In base 10, what is -254867 + -4?
-254871
In base 12, what is -153 - 441669?
-441800
In base 7, what is 10 - 26334423?
-26334413
In base 15, what is -16 - 15178ab?
-15178c2
In base 2, what is 1 + -1111100001110110010011001?
-1111100001110110010011000
In base 16, what is 2 - 117a98?
-117a96
In base 6, what is -221252 + -345230?
-1010522
In base 8, what is 32673 + 71047?
123742
In base 8, what is 6140 + -4402?
1536
In base 6, what is 45013 - 243221?
-154204
In base 13, what is -5b - -ca799?
ca73b
In base 10, what is 4 - -84023?
84027
In base 6, what is -23351554 - -40?
-23351514
In base 8, what is 135415271 - -1?
135415272
In base 9, what is 16 + -2454301?
-2454274
In base 12, what is -721 + -4295a?
-4347b
In base 13, what is -15039 - 145?
-15181
In base 16, what is 4 - 4e71d17?
-4e71d13
In base 13, what is 58a + -792?
-205
In base 12, what is -433071 + 7?
-433066
In base 10, what is 3109 - -7511?
10620
In base 7, what is 5511600 - 50?
5511520
In base 14, what is 3 + -61b935?
-61b932
In base 10, what is 295569 - 8?
295561
In base 8, what is -50007 + 317?
-47470
In base 9, what is 1 + -16834012?
-16834011
In base 3, what is -212 - 10210210202121010?
-10210210202121222
In base 10, what is 13951 - -20195?
34146
In base 13, what is -6c6c59 - 32?
-6c6c8b
In base 16, what is -50a2 - 1854?
-68f6
In base 9, what is 5 - 286544228?
-286544223
In base 7, what is -3433400 - -1?
-3433366
In base 9, what is -3 - -16583786?
16583783
In base 12, what is 2 - -5534b3?
5534b5
In base 3, what is 12120202 - -200022?
20021001
In base 12, what is -8 + -1746aa?
-1746b6
In base 13, what is 2533237 - 3?
2533234
In base 7, what is -1663250 - 60?
-1663340
In base 5, what is 2230444120002 - 1?
2230444120001
In base 8, what is -3 + 415663760?
415663755
In base 8, what is 2303 + -1410337?
-1406034
In base 2, what is 1010010111111100110011101 + 11?
1010010111111100110100000
In base 4, what is -1300121 - 3301001?
-11201122
In base 6, what is 4014 - 430131?
-422113
In base 6, what is 15 + 2453024?
2453043
In base 9, what is -8208 + 13647?
4438
In base 15, what is 4 - e6e9ad?
-e6e9a9
In base 9, what is 311 - -37456?
37767
In base 7, what is 3306 - 33541?
-30232
In base 5, what is 34032 + 20031234?
20120321
In base 5, what is 103213233 - 13?
103213220
In